{"id":122,"date":"2019-08-27T17:10:29","date_gmt":"2019-08-27T17:10:29","guid":{"rendered":"http:\/\/hausarzt-zietenterrassen.de\/?page_id=122"},"modified":"2025-04-02T17:35:50","modified_gmt":"2025-04-02T17:35:50","slug":"dr-med-thomas-fischer","status":"publish","type":"page","link":"https:\/\/hausarzt-zietenterrassen.de\/?page_id=122","title":{"rendered":"Dr. med. Thomas Fischer"},"content":{"rendered":"<p><img loading=\"lazy\" decoding=\"async\" class=\"alignnone  wp-image-210\" src=\"https:\/\/hausarzt-zietenterrassen.de\/wp-content\/uploads\/2019\/11\/Facetune-1-1024x724.jpg\" alt=\"\" width=\"334\" height=\"236\" srcset=\"https:\/\/hausarzt-zietenterrassen.de\/wp-content\/uploads\/2019\/11\/Facetune-1-1024x724.jpg 1024w, https:\/\/hausarzt-zietenterrassen.de\/wp-content\/uploads\/2019\/11\/Facetune-1-300x212.jpg 300w, https:\/\/hausarzt-zietenterrassen.de\/wp-content\/uploads\/2019\/11\/Facetune-1-768x543.jpg 768w, https:\/\/hausarzt-zietenterrassen.de\/wp-content\/uploads\/2019\/11\/Facetune-1-1536x1086.jpg 1536w, https:\/\/hausarzt-zietenterrassen.de\/wp-content\/uploads\/2019\/11\/Facetune-1-2048x1448.jpg 2048w\" sizes=\"auto, (max-width: 334px) 100vw, 334px\" \/><\/p>\n<p style=\"margin: 0cm -20.5pt 0.0001pt -7.1pt; font-size: medium; font-family: Calibri, sans-serif; caret-color: #000000; color: #000000;\">Seit 2003 bin ich Facharzt f\u00fcr Allgemeinmedizin mit den Zusatzqualifikationen f\u00fcr Notfallmedizin und Venenheilkunde. Nach mehrj\u00e4hriger T\u00e4tigkeit in der Abteilung Allgemeinmedizin der Universit\u00e4t G\u00f6ttingen, zuletzt als Oberarzt, habe ich 2005 eine allgemeinmedizinische Praxis auf dem Holtenser Berg \u00fcbernommen, die zuk\u00fcnftig als \u00fcber\u00f6rtliche Gemeinschaftspraxis unter gemeinsamer Leitung mit meiner Frau weitergef\u00fchrt wird. Eine \u00dcberblick \u00fcber meine wissenschaftlichen Ver\u00f6ffentlichungen finden sie <a href=\"https:\/\/www.researchgate.net\/profile\/Thomas_Fischer5?page=1&amp;sorting=citationCount\"><b><u>hier<\/u><\/b><\/a>. Mein wissenschaftliches Interesse gilt vor allem der Verbesserung medizinischer Ausbildung und der Erforschung von \u00e4rztlicher Entscheidungsfindung (&#8222;medical decision making&#8220;).<\/p>\n<p style=\"margin: 0cm -20.5pt 0.0001pt -7.1pt; font-size: medium; font-family: Calibri, sans-serif; caret-color: #000000; color: #000000;\">In meiner T\u00e4tigkeit in der Innere Medizin der Universit\u00e4tsklinik habe ich u.a. die Infektionsstation und die HIV-Ambulanz geleitet und war mehrere Jahre in der Diabetesambulanz f\u00fcr Typ 2 Diabetiker zust\u00e4ndig. Meine Schwerpunkte sind u.a. die Behandlung von Diabetes, Bluthochdruck, Schilddr\u00fcsen- und Gef\u00e4\u00dfkrankheiten. Ich lege gro\u00dfen Wert auf pr\u00e4ventive Medizin und stehe ihnen gerne f\u00fcr eine ausf\u00fchrliche Gesundheitsuntersuchung und -beratung zur Verf\u00fcgung, die Ihnen auf Kosten Ihrer Kasse derzeit alle 3 Jahre zusteht.<\/p>\n<p style=\"margin: 0cm -20.5pt 0.0001pt -7.1pt; font-size: medium; font-family: Calibri, sans-serif; caret-color: #000000; color: #000000;\">Zus\u00e4tzlich engagiere ich mich als Lehrbeauftragter f\u00fcr Allgemeinmedizin an der Universit\u00e4tsklinik f\u00fcr die Ausbildung des haus\u00e4rztlichen Nachwuchses. Seit 2\/24 habe ich eine Professur f\u00fcr Physician Assistance an der Internationalen Hochschule IU in Erfurt inne und unterrichte Studierende in diesem neuen Berufsbild.<\/p>\n","protected":false},"excerpt":{"rendered":"<p>Seit 2003 bin ich Facharzt f\u00fcr Allgemeinmedizin mit den Zusatzqualifikationen f\u00fcr Notfallmedizin und Venenheilkunde. Nach mehrj\u00e4hriger T\u00e4tigkeit in der Abteilung Allgemeinmedizin der Universit\u00e4t G\u00f6ttingen, zuletzt als Oberarzt, habe ich 2005 eine allgemeinmedizinische Praxis auf dem Holtenser Berg \u00fcbernommen, die zuk\u00fcnftig als \u00fcber\u00f6rtliche Gemeinschaftspraxis unter gemeinsamer Leitung mit meiner Frau weitergef\u00fchrt [&hellip;]<\/p>\n","protected":false},"author":1,"featured_media":0,"parent":0,"menu_order":0,"comment_status":"closed","ping_status":"closed","template":"","meta":{"_crdt_document":"","footnotes":""},"class_list":["post-122","page","type-page","status-publish","hentry"],"yoast_head":"<!-- This site is optimized with the Yoast SEO plugin v27.3 - https:\/\/yoast.com\/product\/yoast-seo-wordpress\/ -->\n<title>Dr. med. Thomas Fischer - Ihre Hausarztpraxis auf den Zietenterrassen<\/title>\n<meta name=\"robots\" content=\"index, follow, max-snippet:-1, max-image-preview:large, max-video-preview:-1\" \/>\n<link rel=\"canonical\" href=\"https:\/\/hausarzt-zietenterrassen.de\/?page_id=122\" \/>\n<meta property=\"og:locale\" content=\"de_DE\" \/>\n<meta property=\"og:type\" content=\"article\" \/>\n<meta property=\"og:title\" content=\"Dr. med. Thomas Fischer - Ihre Hausarztpraxis auf den Zietenterrassen\" \/>\n<meta property=\"og:description\" content=\"Seit 2003 bin ich Facharzt f\u00fcr Allgemeinmedizin mit den Zusatzqualifikationen f\u00fcr Notfallmedizin und Venenheilkunde. Nach mehrj\u00e4hriger T\u00e4tigkeit in der Abteilung Allgemeinmedizin der Universit\u00e4t G\u00f6ttingen, zuletzt als Oberarzt, habe ich 2005 eine allgemeinmedizinische Praxis auf dem Holtenser Berg \u00fcbernommen, die zuk\u00fcnftig als \u00fcber\u00f6rtliche Gemeinschaftspraxis unter gemeinsamer Leitung mit meiner Frau weitergef\u00fchrt [&hellip;]\" \/>\n<meta property=\"og:url\" content=\"https:\/\/hausarzt-zietenterrassen.de\/?page_id=122\" \/>\n<meta property=\"og:site_name\" content=\"Ihre Hausarztpraxis auf den Zietenterrassen\" \/>\n<meta property=\"article:modified_time\" content=\"2025-04-02T17:35:50+00:00\" \/>\n<meta property=\"og:image\" content=\"http:\/\/hausarzt-zietenterrassen.de\/wp-content\/uploads\/2019\/11\/Facetune-1-1024x724.jpg\" \/>\n<meta name=\"twitter:card\" content=\"summary_large_image\" \/>\n<meta name=\"twitter:label1\" content=\"Gesch\u00e4tzte Lesezeit\" \/>\n\t<meta name=\"twitter:data1\" content=\"2\u00a0Minuten\" \/>\n<script type=\"application\/ld+json\" class=\"yoast-schema-graph\">{\"@context\":\"https:\\\/\\\/schema.org\",\"@graph\":[{\"@type\":\"WebPage\",\"@id\":\"https:\\\/\\\/hausarzt-zietenterrassen.de\\\/?page_id=122\",\"url\":\"https:\\\/\\\/hausarzt-zietenterrassen.de\\\/?page_id=122\",\"name\":\"Dr. med. Thomas Fischer - Ihre Hausarztpraxis auf den Zietenterrassen\",\"isPartOf\":{\"@id\":\"https:\\\/\\\/hausarzt-zietenterrassen.de\\\/#website\"},\"primaryImageOfPage\":{\"@id\":\"https:\\\/\\\/hausarzt-zietenterrassen.de\\\/?page_id=122#primaryimage\"},\"image\":{\"@id\":\"https:\\\/\\\/hausarzt-zietenterrassen.de\\\/?page_id=122#primaryimage\"},\"thumbnailUrl\":\"http:\\\/\\\/hausarzt-zietenterrassen.de\\\/wp-content\\\/uploads\\\/2019\\\/11\\\/Facetune-1-1024x724.jpg\",\"datePublished\":\"2019-08-27T17:10:29+00:00\",\"dateModified\":\"2025-04-02T17:35:50+00:00\",\"breadcrumb\":{\"@id\":\"https:\\\/\\\/hausarzt-zietenterrassen.de\\\/?page_id=122#breadcrumb\"},\"inLanguage\":\"de\",\"potentialAction\":[{\"@type\":\"ReadAction\",\"target\":[\"https:\\\/\\\/hausarzt-zietenterrassen.de\\\/?page_id=122\"]}]},{\"@type\":\"ImageObject\",\"inLanguage\":\"de\",\"@id\":\"https:\\\/\\\/hausarzt-zietenterrassen.de\\\/?page_id=122#primaryimage\",\"url\":\"http:\\\/\\\/hausarzt-zietenterrassen.de\\\/wp-content\\\/uploads\\\/2019\\\/11\\\/Facetune-1-1024x724.jpg\",\"contentUrl\":\"http:\\\/\\\/hausarzt-zietenterrassen.de\\\/wp-content\\\/uploads\\\/2019\\\/11\\\/Facetune-1-1024x724.jpg\"},{\"@type\":\"BreadcrumbList\",\"@id\":\"https:\\\/\\\/hausarzt-zietenterrassen.de\\\/?page_id=122#breadcrumb\",\"itemListElement\":[{\"@type\":\"ListItem\",\"position\":1,\"name\":\"Startseite\",\"item\":\"https:\\\/\\\/hausarzt-zietenterrassen.de\\\/?page_id=645\"},{\"@type\":\"ListItem\",\"position\":2,\"name\":\"Dr. med. Thomas Fischer\"}]},{\"@type\":\"WebSite\",\"@id\":\"https:\\\/\\\/hausarzt-zietenterrassen.de\\\/#website\",\"url\":\"https:\\\/\\\/hausarzt-zietenterrassen.de\\\/\",\"name\":\"Ihre Hausarztpraxis auf den Zietenterrassen\",\"description\":\"Ihre Hausarztpraxis auf den Zietenterrassen. Pers\u00f6nlich. Nah. Vertrauensvoll.\",\"publisher\":{\"@id\":\"https:\\\/\\\/hausarzt-zietenterrassen.de\\\/#organization\"},\"potentialAction\":[{\"@type\":\"SearchAction\",\"target\":{\"@type\":\"EntryPoint\",\"urlTemplate\":\"https:\\\/\\\/hausarzt-zietenterrassen.de\\\/?s={search_term_string}\"},\"query-input\":{\"@type\":\"PropertyValueSpecification\",\"valueRequired\":true,\"valueName\":\"search_term_string\"}}],\"inLanguage\":\"de\"},{\"@type\":\"Organization\",\"@id\":\"https:\\\/\\\/hausarzt-zietenterrassen.de\\\/#organization\",\"name\":\"Ihre Hausarztpraxis auf den Zietenterrassen\",\"url\":\"https:\\\/\\\/hausarzt-zietenterrassen.de\\\/\",\"logo\":{\"@type\":\"ImageObject\",\"inLanguage\":\"de\",\"@id\":\"https:\\\/\\\/hausarzt-zietenterrassen.de\\\/#\\\/schema\\\/logo\\\/image\\\/\",\"url\":\"https:\\\/\\\/hausarzt-zietenterrassen.de\\\/wp-content\\\/uploads\\\/2019\\\/08\\\/cropped-cropped-Logo_Fischer_1c_ohneText-2.png\",\"contentUrl\":\"https:\\\/\\\/hausarzt-zietenterrassen.de\\\/wp-content\\\/uploads\\\/2019\\\/08\\\/cropped-cropped-Logo_Fischer_1c_ohneText-2.png\",\"width\":512,\"height\":372,\"caption\":\"Ihre Hausarztpraxis auf den Zietenterrassen\"},\"image\":{\"@id\":\"https:\\\/\\\/hausarzt-zietenterrassen.de\\\/#\\\/schema\\\/logo\\\/image\\\/\"}}]}<\/script>\n<!-- \/ Yoast SEO plugin. -->","yoast_head_json":{"title":"Dr. med. Thomas Fischer - Ihre Hausarztpraxis auf den Zietenterrassen","robots":{"index":"index","follow":"follow","max-snippet":"max-snippet:-1","max-image-preview":"max-image-preview:large","max-video-preview":"max-video-preview:-1"},"canonical":"https:\/\/hausarzt-zietenterrassen.de\/?page_id=122","og_locale":"de_DE","og_type":"article","og_title":"Dr. med. Thomas Fischer - Ihre Hausarztpraxis auf den Zietenterrassen","og_description":"Seit 2003 bin ich Facharzt f\u00fcr Allgemeinmedizin mit den Zusatzqualifikationen f\u00fcr Notfallmedizin und Venenheilkunde. Nach mehrj\u00e4hriger T\u00e4tigkeit in der Abteilung Allgemeinmedizin der Universit\u00e4t G\u00f6ttingen, zuletzt als Oberarzt, habe ich 2005 eine allgemeinmedizinische Praxis auf dem Holtenser Berg \u00fcbernommen, die zuk\u00fcnftig als \u00fcber\u00f6rtliche Gemeinschaftspraxis unter gemeinsamer Leitung mit meiner Frau weitergef\u00fchrt [&hellip;]","og_url":"https:\/\/hausarzt-zietenterrassen.de\/?page_id=122","og_site_name":"Ihre Hausarztpraxis auf den Zietenterrassen","article_modified_time":"2025-04-02T17:35:50+00:00","og_image":[{"url":"http:\/\/hausarzt-zietenterrassen.de\/wp-content\/uploads\/2019\/11\/Facetune-1-1024x724.jpg","type":"","width":"","height":""}],"twitter_card":"summary_large_image","twitter_misc":{"Gesch\u00e4tzte Lesezeit":"2\u00a0Minuten"},"schema":{"@context":"https:\/\/schema.org","@graph":[{"@type":"WebPage","@id":"https:\/\/hausarzt-zietenterrassen.de\/?page_id=122","url":"https:\/\/hausarzt-zietenterrassen.de\/?page_id=122","name":"Dr. med. Thomas Fischer - Ihre Hausarztpraxis auf den Zietenterrassen","isPartOf":{"@id":"https:\/\/hausarzt-zietenterrassen.de\/#website"},"primaryImageOfPage":{"@id":"https:\/\/hausarzt-zietenterrassen.de\/?page_id=122#primaryimage"},"image":{"@id":"https:\/\/hausarzt-zietenterrassen.de\/?page_id=122#primaryimage"},"thumbnailUrl":"http:\/\/hausarzt-zietenterrassen.de\/wp-content\/uploads\/2019\/11\/Facetune-1-1024x724.jpg","datePublished":"2019-08-27T17:10:29+00:00","dateModified":"2025-04-02T17:35:50+00:00","breadcrumb":{"@id":"https:\/\/hausarzt-zietenterrassen.de\/?page_id=122#breadcrumb"},"inLanguage":"de","potentialAction":[{"@type":"ReadAction","target":["https:\/\/hausarzt-zietenterrassen.de\/?page_id=122"]}]},{"@type":"ImageObject","inLanguage":"de","@id":"https:\/\/hausarzt-zietenterrassen.de\/?page_id=122#primaryimage","url":"http:\/\/hausarzt-zietenterrassen.de\/wp-content\/uploads\/2019\/11\/Facetune-1-1024x724.jpg","contentUrl":"http:\/\/hausarzt-zietenterrassen.de\/wp-content\/uploads\/2019\/11\/Facetune-1-1024x724.jpg"},{"@type":"BreadcrumbList","@id":"https:\/\/hausarzt-zietenterrassen.de\/?page_id=122#breadcrumb","itemListElement":[{"@type":"ListItem","position":1,"name":"Startseite","item":"https:\/\/hausarzt-zietenterrassen.de\/?page_id=645"},{"@type":"ListItem","position":2,"name":"Dr. med. Thomas Fischer"}]},{"@type":"WebSite","@id":"https:\/\/hausarzt-zietenterrassen.de\/#website","url":"https:\/\/hausarzt-zietenterrassen.de\/","name":"Ihre Hausarztpraxis auf den Zietenterrassen","description":"Ihre Hausarztpraxis auf den Zietenterrassen. Pers\u00f6nlich. Nah. Vertrauensvoll.","publisher":{"@id":"https:\/\/hausarzt-zietenterrassen.de\/#organization"},"potentialAction":[{"@type":"SearchAction","target":{"@type":"EntryPoint","urlTemplate":"https:\/\/hausarzt-zietenterrassen.de\/?s={search_term_string}"},"query-input":{"@type":"PropertyValueSpecification","valueRequired":true,"valueName":"search_term_string"}}],"inLanguage":"de"},{"@type":"Organization","@id":"https:\/\/hausarzt-zietenterrassen.de\/#organization","name":"Ihre Hausarztpraxis auf den Zietenterrassen","url":"https:\/\/hausarzt-zietenterrassen.de\/","logo":{"@type":"ImageObject","inLanguage":"de","@id":"https:\/\/hausarzt-zietenterrassen.de\/#\/schema\/logo\/image\/","url":"https:\/\/hausarzt-zietenterrassen.de\/wp-content\/uploads\/2019\/08\/cropped-cropped-Logo_Fischer_1c_ohneText-2.png","contentUrl":"https:\/\/hausarzt-zietenterrassen.de\/wp-content\/uploads\/2019\/08\/cropped-cropped-Logo_Fischer_1c_ohneText-2.png","width":512,"height":372,"caption":"Ihre Hausarztpraxis auf den Zietenterrassen"},"image":{"@id":"https:\/\/hausarzt-zietenterrassen.de\/#\/schema\/logo\/image\/"}}]}},"jetpack_sharing_enabled":true,"_links":{"self":[{"href":"https:\/\/hausarzt-zietenterrassen.de\/index.php?rest_route=\/wp\/v2\/pages\/122","targetHints":{"allow":["GET"]}}],"collection":[{"href":"https:\/\/hausarzt-zietenterrassen.de\/index.php?rest_route=\/wp\/v2\/pages"}],"about":[{"href":"https:\/\/hausarzt-zietenterrassen.de\/index.php?rest_route=\/wp\/v2\/types\/page"}],"author":[{"embeddable":true,"href":"https:\/\/hausarzt-zietenterrassen.de\/index.php?rest_route=\/wp\/v2\/users\/1"}],"replies":[{"embeddable":true,"href":"https:\/\/hausarzt-zietenterrassen.de\/index.php?rest_route=%2Fwp%2Fv2%2Fcomments&post=122"}],"version-history":[{"count":10,"href":"https:\/\/hausarzt-zietenterrassen.de\/index.php?rest_route=\/wp\/v2\/pages\/122\/revisions"}],"predecessor-version":[{"id":944,"href":"https:\/\/hausarzt-zietenterrassen.de\/index.php?rest_route=\/wp\/v2\/pages\/122\/revisions\/944"}],"wp:attachment":[{"href":"https:\/\/hausarzt-zietenterrassen.de\/index.php?rest_route=%2Fwp%2Fv2%2Fmedia&parent=122"}],"curies":[{"name":"wp","href":"https:\/\/api.w.org\/{rel}","templated":true}]}}